remainder when 441 is divided by 17?
16
Calculate the remainder when 205 is divided by 15.
10
Calculate the remainder when 294 is divided by 37.
35
What is the remainder when 177 is divided by 48?
33
What is the remainder when 52 is divided by 14?
10
What is the remainder when 218 is divided by 141?
77
What is the remainder when 208 is divided by 137?
71
What is the remainder when 1026 is divided by 722?
304
Calculate the remainder when 784 is divided by 17.
2
What is the remainder when 141 is divided by 22?
9
Calculate the remainder when 32637 is divided by 255.
252
Calculate the remainder when 571 is divided by 32.
27
What is the remainder when 38 is divided by 10?
8
What is the remainder when 3441 is divided by 105?
81
Calculate the remainder when 624 is divided by 19.
16
What is the remainder when 834 is divided by 802?
32
Calculate the remainder when 37 is divided by 11.
4
Calculate the remainder when 657 is divided by 60.
57
Calculate the remainder when 70 is divided by 54.
16
What is the remainder when 3595 is divided by 36?
31
What is the remainder when 51 is divided by 32?
19
Calculate the remainder when 18537 is divided by 31.
30
Calculate the remainder when 1488 is divided by 84.
60
Calculate the remainder when 97 is divided by 32.
1
What is the remainder when 835 is divided by 35?
30
Calculate the remainder when 196 is divided by 37.
11
What is the remainder when 583 is divided by 161?
100
Calculate the remainder when 17 is divided by 17.
0
Calculate the remainder when 353 is divided by 170.
13
What is the remainder when 216 is divided by 107?
2
Calculate the remainder when 66 is divided by 61.
5
Calculate the remainder when 62 is divided by 17.
11
What is the remainder when 214 is divided by 58?
40
What is the remainder when 55 is divided by 10?
5
What is the remainder when 83 is divided by 29?
25
What is the remainder when 88 is divided by 17?
3
Calculate the remainder when 677 is divided by 226.
225
Calculate the remainder when 482 is divided by 195.
92
What is the remainder when 1943 is divided by 33?
29
What is the remainder when 237 is divided by 30?
27
Calculate the remainder when 661 is divided by 7.
3
Calculate the remainder when 25197 is divided by 28.
25
Calculate the remainder when 246 is divided by 223.
23
What is the remainder when 518 is divided by 105?
98
Calculate the remainder when 91 is divided by 87.
4
What is the remainder when 266 is divided by 56?
42
Calculate the remainder when 44 is divided by 13.
5
Calculate the remainder when 1166 is divided by 130.
126
What is the remainder when 199 is divided by 10?
9
Calculate the remainder when 1556 is divided by 195.
191
What is the remainder when 42 is divided by 32?
10
Calculate the remainder when 1786 is divided by 64.
58
What is the remainder when 1603 is divided by 22?
19
What is the remainder when 88 is divided by 31?
26
Calculate the remainder when 172 is divided by 45.
37
Calculate the remainder when 274 is divided by 71.
61
Calculate the remainder when 309 is divided by 8.
5
What is the remainder when 1277 is divided by 160?
157
What is the remainder when 304 is divided by 51?
49
What is the remainder when 259 is divided by 61?
15
Calculate the remainder when 4021 is divided by 175.
171
Calculate the remainder when 40 is divided by 8.
0
Calculate the remainder when 14 is divided by 14.
0
What is the remainder when 153 is divided by 138?
15
What is the remainder when 183 is divided by 23?
22
What is the remainder when 129 is divided by 93?
36
What is the remainder when 2430 is divided by 83?
23
Calculate the remainder when 373 is divided by 15.
13
Calculate the remainder when 586 is divided by 74.
68
What is the remainder when 1219 is divided by 603?
13
Calculate the remainder when 74 is divided by 38.
36
What is the remainder when 671 is divided by 16?
15
Calculate the remainder when 106 is divided by 21.
1
Calculate the remainder when 788 is divided by 12.
8
What is the remainder when 43 is divided by 22?
21
What is the remainder when 899 is divided by 60?
59
What is the remainder when 145 is divided by 145?
0
What is the remainder when 333 is divided by 230?
103
Calculate the remainder when 411 is divided by 32.
27
Calculate the remainder when 1013 is divided by 983.
30
What is the remainder when 159 is divided by 9?
6
What is the remainder when 797 is divided by 142?
87
What is the remainder when 851 is divided by 487?
364
Calculate the remainder when 193 is divided by 49.
46
Calculate the remainder when 5438 is divided by 64.
62
What is the remainder when 524 is divided by 12?
8
Calculate the remainder when 3566 is divided by 94.
88
What is the remainder when 508 is divided by 30?
28
Calculate the remainder when 182 is divided by 58.
8
What is the remainder when 8083 is divided by 12?
7
What is the remainder when 67 is divided by 9?
4
What is the remainder when 12479 is divided by 160?
159
Calculate the remainder when 464 is divided by 120.
104
What is the remainder when 807 is divided by 48?
39
Calculate the remainder when 1522 is divided by 102.
94
Calculate the remainder when 738 is divided by 227.
57
Calculate the remainder when 791 is divided by 88.
87
Calculate the remainder when 103 is divided by 52.
51
Calculate the remainder when 190 is divided by 5.
0
Calculate the remainder when 14 is divided by 6.
2
What is the remainder when 783 is divided by 132?
123
Calculate the remainder when 810 is divided by 17.
11
Calculate the remainder when 348 is divided by 20.
8
Calculate the remainder when 120 is divided by 115.
5
What is the remainder when 14 is divided by 2?
0
Calculate the remainder when 1193 is divided by 266.
129
Calculate the remainder when 168 is divided by 107.
61
Calculate the remainder when 314 is divided by 57.
29
Calculate the remainder when 117 is divided by 65.
52
What is the remainder when 561 is divided by 109?
16
What is the remainder when 7323 is divided by 93?
69
Calculate the remainder when 747 is divided by 22.
21
What is the remainder when 787 is divided by 47?
35
Calculate the remainder when 346 is divided by 66.
16
What is the remainder when 174 is divided by 39?
18
What is the remainder when 238 is divided by 40?
38
What is the remainder when 757 is divided by 111?
91
What is the remainder when 677 is divided by 322?
33
What is the remainder when 163 is divided by 33?
31
Calculate the remainder when 51 is divided by 14.
9
What is the remainder when 382 is divided by 98?
88
Calculate the remainder when 274 is divided by 25.
24
What is the remainder when 450 is divided by 11?
10
Calculate the remainder when 191 is divided by 97.
94
Calculate the remainder when 4273 is divided by 68.
57
Calculate the remainder when 314 is divided by 53.
49
What is the remainder when 158 is divided by 21?
11
Calculate the remainder when 214 is divided by 56.
46
Calculate the remainder when 372 is divided by 75.
72
What is the remainder when 140 is divided by 29?
24
What is the remainder when 162 is divided by 23?
1
What is the remainder when 532 is divided by 255?
22
Calculate the remainder when 651 is divided by 52.
27
What is the remainder when 227 is divided by 21?
17
What is the remainder when 2518 is divided by 84?
82
Calculate the remainder when 1475 is divided by 31.
18
Calculate the remainder when 286 is divided by 9.
7
What is the remainder when 52 is divided by 41?
11
What is the remainder when 170 is divided by 20?
10
Calculate the remainder when 13 is divided by 4.
1
Calculate the remainder when 284 is divided by 10.
4
Calculate the remainder when 135 is divided by 127.
8
What is the remainder when 171 is divided by 52?
15
Calculate the remainder when 239 is divided by 64.
47
What is the remainder when 596 is divided by 13?
11
Calculate the remainder when 59 is divided by 24.
11
Calculate the remainder when 825 is divided by 272.
9
What is the remainder when 324 is divided by 52?
12
What is the remainder when 64 is divided by 24?
16
What is the remainder when 2367 is divided by 91?
1
What is the remainder when 949 is divided by 24?
13
What is the remainder when 1173 is divided by 39?
3
Calculate the remainder when 511 is divided by 172.
167
What is the remainder when 635 is divided by 53?
52
What is the remainder when 46 is d